{"id":10,"date":"2025-11-07T08:40:21","date_gmt":"2025-11-07T11:40:21","guid":{"rendered":"https:\/\/qd.dev.br\/o-semeador-2025\/?page_id=10"},"modified":"2025-11-07T08:42:37","modified_gmt":"2025-11-07T11:42:37","slug":"creditos-do-site","status":"publish","type":"page","link":"https:\/\/qd.dev.br\/o-semeador-2025\/creditos-do-site\/","title":{"rendered":"Cr\u00e9ditos do Site"},"content":{"rendered":"\n<div class=\"wp-block-group has-global-padding is-layout-constrained wp-container-core-group-is-layout-bea02a06 wp-block-group-is-layout-constrained\">\n<p><strong>Textos<\/strong>:&nbsp;Semeador<\/p>\n\n\n\n<p><strong>CMS<\/strong>: WordPress<\/p>\n\n\n\n<p><a href=\"https:\/\/www.quartadesign.com.br\/\" target=\"_blank\" rel=\"noreferrer noopener\"><strong>WebDesign<\/strong>: Quarta Design<\/a><\/p>\n\n\n\n<p><strong>Desenvolvimento de tema para WordPress<\/strong>: QuartaDesign<\/p>\n\n\n\n<p><strong>Programa\u00e7\u00e3o<\/strong>: F\u00e1bio Granja<\/p>\n\n\n\n<p><strong>Imagens<\/strong>: Semeador<\/p>\n<\/div>\n","protected":false},"excerpt":{"rendered":"<p>Textos:&nbsp;Semeador CMS: WordPress WebDesign: Quarta Design Desenvolvimento de tema para WordPress: QuartaDesign Programa\u00e7\u00e3o: F\u00e1bio Granja Imagens: Semeador<\/p>\n","protected":false},"author":1,"featured_media":0,"parent":0,"menu_order":502,"comment_status":"closed","ping_status":"closed","template":"","meta":{"footnotes":""},"class_list":["post-10","page","type-page","status-publish","hentry"],"yoast_head":"<!-- This site is optimized with the Yoast SEO plugin v26.3 - https:\/\/yoast.com\/wordpress\/plugins\/seo\/ -->\n<title>Cr\u00e9ditos do Site - O Semeador<\/title>\n<meta name=\"robots\" content=\"noindex, follow, max-snippet:-1, max-image-preview:large, max-video-preview:-1\" \/>\n<meta property=\"og:locale\" content=\"pt_BR\" \/>\n<meta property=\"og:type\" content=\"article\" \/>\n<meta property=\"og:title\" content=\"Cr\u00e9ditos do Site - O Semeador\" \/>\n<meta property=\"og:description\" content=\"Textos:&nbsp;Semeador CMS: WordPress WebDesign: Quarta Design Desenvolvimento de tema para WordPress: QuartaDesign Programa\u00e7\u00e3o: F\u00e1bio Granja Imagens: Semeador\" \/>\n<meta property=\"og:url\" content=\"https:\/\/qd.dev.br\/o-semeador-2025\/creditos-do-site\/\" \/>\n<meta property=\"og:site_name\" content=\"O Semeador\" \/>\n<meta property=\"article:modified_time\" content=\"2025-11-07T11:42:37+00:00\" \/>\n<meta name=\"twitter:card\" content=\"summary_large_image\" \/>\n<meta name=\"twitter:label1\" content=\"Est. tempo de leitura\" \/>\n\t<meta name=\"twitter:data1\" content=\"1 minuto\" \/>\n<script type=\"application\/ld+json\" class=\"yoast-schema-graph\">{\"@context\":\"https:\/\/schema.org\",\"@graph\":[{\"@type\":\"WebPage\",\"@id\":\"https:\/\/qd.dev.br\/o-semeador-2025\/creditos-do-site\/\",\"url\":\"https:\/\/qd.dev.br\/o-semeador-2025\/creditos-do-site\/\",\"name\":\"Cr\u00e9ditos do Site - O Semeador\",\"isPartOf\":{\"@id\":\"https:\/\/qd.dev.br\/o-semeador-2025\/#website\"},\"datePublished\":\"2025-11-07T11:40:21+00:00\",\"dateModified\":\"2025-11-07T11:42:37+00:00\",\"breadcrumb\":{\"@id\":\"https:\/\/qd.dev.br\/o-semeador-2025\/creditos-do-site\/#breadcrumb\"},\"inLanguage\":\"pt-BR\",\"potentialAction\":[{\"@type\":\"ReadAction\",\"target\":[\"https:\/\/qd.dev.br\/o-semeador-2025\/creditos-do-site\/\"]}]},{\"@type\":\"BreadcrumbList\",\"@id\":\"https:\/\/qd.dev.br\/o-semeador-2025\/creditos-do-site\/#breadcrumb\",\"itemListElement\":[{\"@type\":\"ListItem\",\"position\":1,\"name\":\"In\u00edcio\",\"item\":\"https:\/\/qd.dev.br\/o-semeador-2025\/\"},{\"@type\":\"ListItem\",\"position\":2,\"name\":\"Cr\u00e9ditos do Site\"}]},{\"@type\":\"WebSite\",\"@id\":\"https:\/\/qd.dev.br\/o-semeador-2025\/#website\",\"url\":\"https:\/\/qd.dev.br\/o-semeador-2025\/\",\"name\":\"O Semeador\",\"description\":\"\",\"potentialAction\":[{\"@type\":\"SearchAction\",\"target\":{\"@type\":\"EntryPoint\",\"urlTemplate\":\"https:\/\/qd.dev.br\/o-semeador-2025\/?s={search_term_string}\"},\"query-input\":{\"@type\":\"PropertyValueSpecification\",\"valueRequired\":true,\"valueName\":\"search_term_string\"}}],\"inLanguage\":\"pt-BR\"}]}<\/script>\n<!-- \/ Yoast SEO plugin. -->","yoast_head_json":{"title":"Cr\u00e9ditos do Site - O Semeador","robots":{"index":"noindex","follow":"follow","max-snippet":"max-snippet:-1","max-image-preview":"max-image-preview:large","max-video-preview":"max-video-preview:-1"},"og_locale":"pt_BR","og_type":"article","og_title":"Cr\u00e9ditos do Site - O Semeador","og_description":"Textos:&nbsp;Semeador CMS: WordPress WebDesign: Quarta Design Desenvolvimento de tema para WordPress: QuartaDesign Programa\u00e7\u00e3o: F\u00e1bio Granja Imagens: Semeador","og_url":"https:\/\/qd.dev.br\/o-semeador-2025\/creditos-do-site\/","og_site_name":"O Semeador","article_modified_time":"2025-11-07T11:42:37+00:00","twitter_card":"summary_large_image","twitter_misc":{"Est. tempo de leitura":"1 minuto"},"schema":{"@context":"https:\/\/schema.org","@graph":[{"@type":"WebPage","@id":"https:\/\/qd.dev.br\/o-semeador-2025\/creditos-do-site\/","url":"https:\/\/qd.dev.br\/o-semeador-2025\/creditos-do-site\/","name":"Cr\u00e9ditos do Site - O Semeador","isPartOf":{"@id":"https:\/\/qd.dev.br\/o-semeador-2025\/#website"},"datePublished":"2025-11-07T11:40:21+00:00","dateModified":"2025-11-07T11:42:37+00:00","breadcrumb":{"@id":"https:\/\/qd.dev.br\/o-semeador-2025\/creditos-do-site\/#breadcrumb"},"inLanguage":"pt-BR","potentialAction":[{"@type":"ReadAction","target":["https:\/\/qd.dev.br\/o-semeador-2025\/creditos-do-site\/"]}]},{"@type":"BreadcrumbList","@id":"https:\/\/qd.dev.br\/o-semeador-2025\/creditos-do-site\/#breadcrumb","itemListElement":[{"@type":"ListItem","position":1,"name":"In\u00edcio","item":"https:\/\/qd.dev.br\/o-semeador-2025\/"},{"@type":"ListItem","position":2,"name":"Cr\u00e9ditos do Site"}]},{"@type":"WebSite","@id":"https:\/\/qd.dev.br\/o-semeador-2025\/#website","url":"https:\/\/qd.dev.br\/o-semeador-2025\/","name":"O Semeador","description":"","potentialAction":[{"@type":"SearchAction","target":{"@type":"EntryPoint","urlTemplate":"https:\/\/qd.dev.br\/o-semeador-2025\/?s={search_term_string}"},"query-input":{"@type":"PropertyValueSpecification","valueRequired":true,"valueName":"search_term_string"}}],"inLanguage":"pt-BR"}]}},"_links":{"self":[{"href":"https:\/\/qd.dev.br\/o-semeador-2025\/wp-json\/wp\/v2\/pages\/10","targetHints":{"allow":["GET"]}}],"collection":[{"href":"https:\/\/qd.dev.br\/o-semeador-2025\/wp-json\/wp\/v2\/pages"}],"about":[{"href":"https:\/\/qd.dev.br\/o-semeador-2025\/wp-json\/wp\/v2\/types\/page"}],"author":[{"embeddable":true,"href":"https:\/\/qd.dev.br\/o-semeador-2025\/wp-json\/wp\/v2\/users\/1"}],"replies":[{"embeddable":true,"href":"https:\/\/qd.dev.br\/o-semeador-2025\/wp-json\/wp\/v2\/comments?post=10"}],"version-history":[{"count":1,"href":"https:\/\/qd.dev.br\/o-semeador-2025\/wp-json\/wp\/v2\/pages\/10\/revisions"}],"predecessor-version":[{"id":11,"href":"https:\/\/qd.dev.br\/o-semeador-2025\/wp-json\/wp\/v2\/pages\/10\/revisions\/11"}],"wp:attachment":[{"href":"https:\/\/qd.dev.br\/o-semeador-2025\/wp-json\/wp\/v2\/media?parent=10"}],"curies":[{"name":"wp","href":"https:\/\/api.w.org\/{rel}","templated":true}]}}